{"id":1467,"date":"2019-06-24T12:26:31","date_gmt":"2019-06-24T12:26:31","guid":{"rendered":"http:\/\/www.ibec-info.org\/2020b\/?page_id=1467"},"modified":"2020-07-09T18:18:59","modified_gmt":"2020-07-09T18:18:59","slug":"editorial-advisory-board","status":"publish","type":"page","link":"https:\/\/www.ibec-info.org\/2020b\/editorial-advisory-board\/","title":{"rendered":"Editorial Advisory Board"},"content":{"rendered":"\n<p>in alphabetic order according to last names<\/p>\n\n\n\n<p><em>Lorenz Braun,<\/em>&nbsp;Professor, N\u00fcrtingen-Geislingen University, N\u00fcrtingen, Germany [<a href=\"mailto:lorenz.braun@hfwu.de\">lorenz.braun@hfwu.de<\/a>]<\/p>\n\n\n\n<p><em>Erskin Blunck<\/em>, Associate Dean, N\u00fcrtingen-Geislingen University, N\u00fcrtingen, Germany [<a href=\"mailto:erskin.blunck@hfwu.de\">erskin.blunck@hfwu.de<\/a>]<\/p>\n\n\n\n<p><em>Jianing\u00a0Fang,\u00a0<\/em>Executive Director of Accounting and Finance, College of Business and Public Management at  Kean University, Union, NJ, USA [<a href=\"mailto:jfang@kean.edu\">jfang@kean.edu<\/a>] <\/p>\n\n\n\n<p><em>Fadi Fawaz<\/em>, Associate Professor Economics\/Finance, Tennessee State University, [<a href=\"mailto:ffawaz@tnstate.edu\">ffawaz@tnstate.edu<\/a>]<\/p>\n\n\n\n<p><em>Arturo Garc\u00eda-Santill\u00e1n<\/em>, Professor of Business and Economics, Universidad Cristobal Col\u00f3n, Veracruz, M\u00e9xico [<a href=\"mailto:agarcias@ucc.mx\">agarcias@ucc.mx<\/a>]<\/p>\n\n\n\n<p><em>Aleksandr V. Gevorkyan<\/em>, Assistant Professor of Economics and Finance, The Peter J. Tobin College of Business at St. John\u2019s University in New York City, USA [<a href=\"mailto:gevorkya@stjohns.edu\">gevorkya@stjohns.edu<\/a>]<\/p>\n\n\n\n<p><em>Jayati Ghosh<\/em>,&nbsp;Dean and Professor of International Business, School of&nbsp;Business Administration, Widener University, Chester, Pennsylvania, USA&nbsp;<a rel=\"noreferrer noopener\" href=\"mailto:jghosh@widener.edu\" target=\"_blank\">[jghosh@widener.edu<\/a>]<\/p>\n\n\n\n<p><em>Tom Gillpatrick<\/em>, The Juan Yong Professor of Marketing and Food Management, School of Business Administration, Portland State University, USA [<a href=\"mailto:tomg@pdx.edu\">tomg@pdx.edu<\/a>]<\/p>\n\n\n\n<p><em>Mar\u00eda E. Guti\u00e9rrez-Renter\u00eda<\/em>, Professor of Media Economics and Media Management, Universidad Panamericana at Guadalajara, M\u00e9xico [<a href=\"mailto:egutierr@up.edu.mx\">egutierr@up.edu.mx<\/a>]<\/p>\n\n\n\n<p><em>Bruce A. Heiman<\/em>, Associate Professor of International Business, College of Business, San Francisco State University, CA, USA [<a href=\"mailto:bheiman@sfsu.edu\">bheiman@sfsu.edu<\/a>]<\/p>\n\n\n\n<p><em>Mahmood Hussain<\/em>, Associate Professor of Marketing, College of Business, San Francisco State University, CA, USA [<a href=\"mailto:hussain@sfsu.edu\">hussain@sfsu.edu<\/a>]<\/p>\n\n\n\n<p><em>Ameeta Jaiswal-Dale<\/em>, Associate Professor of Finance, University of St.&nbsp;Thomas, Minnesota, USA [<a href=\"mailto:a9jaiswal@stthomas.edu\">a9jaiswal@stthomas.edu<\/a>]<\/p>\n\n\n\n<p><em>Jootae&nbsp;Kim,<\/em>&nbsp;Associate Professor, Dankook University, Korea [<a href=\"http:\/\/www.ibec-info.org\/2020\/conference-committee\/jkim@dankook.ac.kr\">jkim@dankook.ac.kr<\/a>]<\/p>\n\n\n\n<p><em>NyoNyo Kyaw<\/em>, Associate Professor of Finance, Hagan School of Business, Iona College, New Rochelle, NY,USA [<a href=\"mailto:nkyaw@iona.edu\">nkyaw@iona.edu<\/a>]<\/p>\n\n\n\n<p><em>Carlos&nbsp;Lopez-Hernandez,&nbsp;&nbsp;<\/em>Professor and Dean, School of Business and Economics,&nbsp;Universidad Panamericana at Guadalajara<em>,<\/em>&nbsp;Mexico [<a href=\"mailto:calopez@up.edu.mx\">calopez@up.edu.mx<\/a>]<\/p>\n\n\n\n<p><em>Robert Manley<\/em>, Professor. Retired. NY, USA [<a rel=\"noreferrer noopener\" href=\"mailto:manleyr@dowling.edu\" target=\"_blank\">manleyr@dowling.edu<\/a>]<br><em>Elsa-Sofia Morote<\/em>, Professor. NY, USA [<a rel=\"noreferrer noopener\" href=\"mailto:MoroteE@dowling.edu\" target=\"_blank\">MoroteE@dowling.edu<\/a>]<\/p>\n\n\n\n<p><em>Wanida Ngienthi<\/em>, Professor of Economics, Assumption University, Bangkok, Thailand [<a href=\"mailto:wngienthi@au.edu\">wngienthi@au.edu<\/a>]<\/p>\n\n\n\n<p><em>Magdy Noguera<\/em>, Assistant Professor of Finance, University of Idaho, USA [<a href=\"mailto:mnoguera@uidaho.edu\">mnoguera@uidaho.edu<\/a>]<\/p>\n\n\n\n<p><em>Carlos Pitta<\/em>, Business School, Austral University of Chile at Puerto Montt,&nbsp;Chile [<a href=\"mailto:cpitta@ufl.edu\">cpitta@ufl.edu<\/a>]<\/p>\n\n\n\n<p><em>Iris Ramme<\/em>, Associate Professor, N\u00fcrtingen-Geislingen University, N\u00fcrtingen, Germany [<a rel=\"noreferrer noopener\" href=\"mailto:Iris.Rmme@hfwu.de\" target=\"_blank\">Iris.Rmme@hfwu.de<\/a>]<\/p>\n\n\n\n<p><em>Pavel \u0160trach<\/em>, Professor, SKODA AUTO University, Mlada Boleslav, Czech Republic [<a rel=\"noreferrer noopener\" href=\"mailto:pavel.strach@savs.cz\" target=\"_blank\">pavel.strach@savs.cz<\/a>]<\/p>\n\n\n\n<p><em>Nopphon Tangjitprom<\/em>, Assistant Professor, Assumption University, Bangkok, Thailand [<a href=\"mailto:nopphontng@au.edu\">nopphontng@au.edu<\/a>]<\/p>\n\n\n\n<p><em>Hla Theingi<\/em>, Assistant Professor, International Business Management, Martin&nbsp;De Tours School of Management, Assumption University, Thailand&nbsp;[<a href=\"mailto:hlatheingi@au.edu\">hlatheingi@au.edu<\/a>] <\/p>\n","protected":false},"excerpt":{"rendered":"<p>in alphabetic order according to last names Lorenz Braun,&nbsp;Professor, N\u00fcrtingen-Geislingen University, N\u00fcrtingen, Germany [lorenz.braun@hfwu.de] Erskin Blunck, Associate Dean, N\u00fcrtingen-Geislingen University, N\u00fcrtingen, Germany [erskin.blunck@hfwu.de] Jianing\u00a0Fang,\u00a0Executive Director of Accounting and Finance, College of Business and Public Management at Kean University, Union, NJ, USA [jfang@kean.edu]<\/p>\n","protected":false},"author":1,"featured_media":0,"parent":0,"menu_order":0,"comment_status":"closed","ping_status":"closed","template":"","meta":{"footnotes":""},"class_list":["post-1467","page","type-page","status-publish","hentry"],"_links":{"self":[{"href":"https:\/\/www.ibec-info.org\/2020b\/wp-json\/wp\/v2\/pages\/1467","targetHints":{"allow":["GET"]}}],"collection":[{"href":"https:\/\/www.ibec-info.org\/2020b\/wp-json\/wp\/v2\/pages"}],"about":[{"href":"https:\/\/www.ibec-info.org\/2020b\/wp-json\/wp\/v2\/types\/page"}],"author":[{"embeddable":true,"href":"https:\/\/www.ibec-info.org\/2020b\/wp-json\/wp\/v2\/users\/1"}],"replies":[{"embeddable":true,"href":"https:\/\/www.ibec-info.org\/2020b\/wp-json\/wp\/v2\/comments?post=1467"}],"version-history":[{"count":9,"href":"https:\/\/www.ibec-info.org\/2020b\/wp-json\/wp\/v2\/pages\/1467\/revisions"}],"predecessor-version":[{"id":1953,"href":"https:\/\/www.ibec-info.org\/2020b\/wp-json\/wp\/v2\/pages\/1467\/revisions\/1953"}],"wp:attachment":[{"href":"https:\/\/www.ibec-info.org\/2020b\/wp-json\/wp\/v2\/media?parent=1467"}],"curies":[{"name":"wp","href":"https:\/\/api.w.org\/{rel}","templated":true}]}}